6.
14
What is the highest common divisor of 263780 and 878976?
436
What is the highest common divisor of 1353 and 42418354?
451
What is the highest common divisor of 11228 and 81630367?
2807
What is the highest common factor of 57441822 and 1767?
93
What is the highest common factor of 2856 and 7596280?
136
Calculate the greatest common factor of 14 and 17907722.
14
Calculate the highest common divisor of 6 and 367832826.
6
What is the highest common divisor of 22526000 and 1680?
560
Calculate the greatest common divisor of 4400 and 53725.
25
Calculate the greatest common factor of 60 and 27460970.
10
What is the highest common divisor of 9 and 14482662?
3
What is the highest common divisor of 33984 and 3153609?
531
What is the greatest common factor of 264486 and 26979?
51
What is the greatest common factor of 9863985 and 165?
15
Calculate the greatest common factor of 14 and 1463135513.
7
What is the greatest common divisor of 11205786 and 102?
6
Calculate the greatest common divisor of 5 and 34021135.
5
Calculate the highest common factor of 565 and 36297973.
113
Calculate the highest common divisor of 108 and 8340756.
12
What is the highest common divisor of 2341 and 210?
1
What is the highest common divisor of 1481494 and 2320?
58
What is the greatest common divisor of 265991 and 2101?
11
Calculate the greatest common factor of 30398576 and 208.
208
Calculate the highest common divisor of 3093 and 8789275.
1031
What is the greatest common factor of 43 and 74809121?
43
Calculate the greatest common factor of 160 and 61154110.
10
What is the highest common factor of 51 and 222141?
3
What is the highest common divisor of 2059044813 and 9?
9
What is the greatest common divisor of 583204 and 585968?
2764
What is the highest common divisor of 157752 and 40128?
24
What is the greatest common factor of 1276 and 985292?
44
What is the highest common factor of 6 and 16392957?
3
What is the greatest common divisor of 56 and 90468518?
14
What is the highest common factor of 76946 and 255802?
158
Calculate the highest common divisor of 6118 and 14925022.
322
Calculate the greatest common factor of 57 and 429734875.
19
Calculate the highest common factor of 350 and 15231930.
70
What is the highest common factor of 61887 and 3633?
21
What is the highest common factor of 750464 and 742027?
143
What is the highest common factor of 324 and 85736?
4
What is the greatest common divisor of 2044 and 3626476?
28
Calculate the greatest common factor of 639024 and 516.
12
What is the highest common divisor of 18992221 and 896976?
6229
Calculate the highest common divisor of 396324 and 1687104.
3636
Calculate the greatest common divisor of 327175 and 64975.
575
What is the highest common divisor of 16360 and 80271158?
818
What is the greatest common divisor of 4366 and 153772?
74
What is the greatest common factor of 516 and 9572940?
12
Calculate the highest common factor of 436782 and 822.
6
What is the highest common factor of 6965442 and 1111?
11
What is the highest common divisor of 63966 and 6531?
21
Calculate the greatest common divisor of 744 and 550289928.
744
Calculate the greatest common factor of 201 and 21804681.
201
What is the highest common divisor of 77055 and 165?
165
Calculate the highest common divisor of 3029400 and 309177.
891
Calculate the highest common divisor of 4564 and 75007058.
2282
Calculate the greatest common divisor of 303 and 240661891.
101
What is the greatest common divisor of 7670754 and 351?
351
Calculate the greatest common divisor of 110689792 and 8.
8
What is the highest common divisor of 2042 and 9490195?
1021
Calculate the highest common factor of 137667748 and 4.
4
What is the greatest common divisor of 2504640 and 360?
120
Calculate the greatest common divisor of 621782 and 237513.
1931
What is the highest common factor of 1279854950 and 11300?
5650
What is the highest common divisor of 11411072 and 22656?
7552
Calculate the highest common divisor of 2725536 and 1040.
16
Calculate the highest common divisor of 43452 and 28065164.
4828
Calculate the highest common divisor of 19121427 and 585.
117
Calculate the greatest common factor of 1222 and 1340017.
47
What is the highest common divisor of 51 and 142553041?
17
Calculate the highest common factor of 13628 and 250.
2
Calculate the highest common factor of 275400 and 3062040.
2040
What is the highest common factor of 23868 and 23634?
234
What is the highest common divisor of 834 and 153066?
6
Calculate the greatest common divisor of 10 and 62343895.
5
Calculate the greatest common factor of 7868635 and 15.
5
Calculate the greatest common factor of 1215 and 540194670.
405
What is the highest common divisor of 22724 and 49856?
76
Calculate the greatest common factor of 96 and 16217328.
48
What is the highest common divisor of 5 and 12508033?
1
Calculate the greatest common divisor of 22110879 and 21.
21
What is the greatest common divisor of 657 and 2602143?
9
Calculate the highest common divisor of 174664609 and 35.
7
What is the greatest common factor of 10105 and 1346080?
235
Calculate the highest common divisor of 454899040 and 208.
16
What is the highest common divisor of 50 and 3787075?
25
What is the greatest common divisor of 50 and 1988028350?
50
Calculate the greatest common divisor of 12572903 and 14.
7
What is the greatest common divisor of 639 and 209663?
71
Calculate the greatest common divisor of 4168 and 1708.
4
What is the highest common divisor of 2416 and 294947696?
2416
Calculate the greatest common divisor of 13 and 586819.
1
Calculate the highest common divisor of 95953 and 861991.
793
Calculate the greatest common factor of 303184 and 7952.
112
Calculate the highest common divisor of 419125 and 1400.
175
Calculate the highest common factor of 33305939 and 2867.
2867
Calculate the highest common factor of 8448 and 70332.
12
What is the highest common divisor of 428 and 43094999?
107
What is the highest common divisor of 380376 and 125928?
216
Calculate the greatest common divisor of 805116587 and 1067.
1067
Calculate the greatest common factor of 4858 and 986042834.
4858
Calculate the greatest common factor of 2006 and 1496830.
118
What is the highest common factor of 35 and 136582390?
35
Calculate the greatest common factor of 396918 and 450.
18
Calculate the highest common divisor of 16801704 and 2376.
72
What is the highest common factor of 287 and 4207553?
7
What is the highest common divisor of 202811 and 161?
7
What is the greatest common divisor of 544 and 1246400?
32
What is the highest common factor of 90450 and 6633?
603
Calculate the highest common factor of 15016769 and 23.
23
Calculate the greatest common factor of 27981995 and 6789.
2263
What is the highest common factor of 3889370 and 1?
1
Calculate the highest common factor of 261 and 62291333.
29
Calculate the greatest common divisor of 32 and 1047803456.
32
Calculate the highest common factor of 3655 and 35818355.
215
What is the greatest common divisor of 1864 and 40039186?
466
What is the greatest common divisor of 18745 and 50842960?
815
What is the highest common factor of 22114778 and 2373?
791
Calculate the highest common factor of 2513 and 118303065.
359
Calculate the greatest common factor of 1000078 and 166432.
1486
What is the highest common factor of 10940164 and 2?
2
What is the highest common factor of 2554115 and 5?
5
What is the greatest common divisor of 1419861 and 27?
3
Calculate the highest common factor of 7867718 and 1.
1
Calculate the highest common factor of 15355404 and 16352.
292
What is the greatest common divisor of 489289 and 1101223?
1291
Calculate the greatest common divisor of 844580 and 14530.
10
Calculate the highest common divisor of 2385 and 185657145.
795
Calculate the highest common divisor of 11308 and 36028.
4
Calculate the greatest common factor of 109066406 and 18670.
3734
What is the highest common divisor of 2702370 and 90?
30
What is the highest common divisor of 20617012 and 9132?
3044
Calculate the highest common factor of 5502489 and 464.
29
What is the highest common factor of 2123266 and 2290325?
5389
What is the greatest common divisor of 1058 and 18026733?
529
Calculate the highest common factor of 2628 and 698010.
6
Calculate t